s(r) = r**2 + 5*r + 18. Give s(-2).
12
Let p(b) = 186*b**2 + 15*b - 14. Determine p(1).
187
Let n(g) = 17*g**2 + 521*g - 12. Calculate n(-30).
-342
Let s(z) = z**3 - 56*z**2 - 62*z + 292. Give s(57).
7
Let b(t) = 4*t**2 - 33*t + 80. Give b(4).
12
Let t(n) = -37*n + 335. Determine t(8).
39
Let k(j) = -j**2 - 82*j + 5536. What is k(-126)?
-8
Let j(i) = 10*i - 344. Calculate j(-20).
-544
Let d(y) = -35*y**2 + 415*y + 62. Determine d(12).
2
Let c(d) = -d**3 - 16*d**2 + 62*d + 129. Calculate c(-20).
489
Let k(z) = 12*z - 418. Determine k(20).
-178
Let x(g) = 2340*g - 16383. What is x(7)?
-3
Let z(o) = -o**3 + 3*o**2 - 8*o + 132. Determine z(6).
-24
Let f(r) = 2*r**2 + 20*r + 6. Give f(-10).
6
Let j(d) = 2*d + 37. Give j(19).
75
Let l(s) = -38*s + 473. What is l(9)?
131
Let i(n) = n**3 + 3*n**2 - 40*n + 7. Give i(-7).
91
Let z(n) = 4*n - 162. Determine z(20).
-82
Let r(b) = 2*b**3 - 181*b**2 - 94*b + 273. Determine r(91).
0
Let d(u) = u**2 + 135*u + 2583. Calculate d(-108).
-333
Let j(x) = -x**2 + 159*x - 6286. What is j(87)?
-22
Let a(y) = 20*y**2 + 54*y + 9. Give a(-4).
113
Let q(w) = -w**3 - 20*w - 46. What is q(-3)?
41
Let i(c) = -30*c**2 + 2765*c - 477. Give i(92).
-17
Let z(u) = -2*u**2 - 10*u + 51. Calculate z(-8).
3
Let x(w) = 2*w**2 - 84*w + 610. Calculate x(33).
16
Let r(k) = 2*k**3 - 88*k**2 - 90*k - 48. Give r(45).
-48
Let x(f) = -9*f - 241. What is x(-24)?
-25
Let m(o) = 321*o - 3860. What is m(12)?
-8
Let r(a) = 683*a + 6156. Calculate r(-9).
9
Let v(m) = -15*m**2 - 26*m + 53. Determine v(2).
-59
Let v(s) = 8*s**2 + 24*s + 95. Give v(-9).
527
Let m(b) = b**3 + 71*b**2 - 2777*b - 499. Give m(-99).
-4
Let q(z) = -313*z + 925. Give q(3).
-14
Let s(i) = -i**2 + 39*i - 315. Give s(11).
-7
Let q(h) = -h**2 + 54*h + 696. Determine q(-11).
-19
Let z(x) = 16*x - 130. Determine z(13).
78
Let f(t) = t**2 + 12*t + 81. Give f(-15).
126
Let y(u) = -5*u**2 + 166*u + 148. Give y(34).
12
Let g(p) = -19*p**2 + 325*p - 324. Give g(1).
-18
Let l(b) = b**3 - 55*b**2 + 51*b + 174. Give l(54).
12
Let a(k) = 2*k**3 + 31*k**2 + 19*k + 46. Calculate a(-15).
-14
Let b(w) = -w**3 - 8*w**2 + 12*w + 23. Give b(-8).
-73
Let v(h) = h**3 - 24*h**2 + 27*h - 161. Give v(23).
-69
Let h(d) = -d**2 - 102*d + 199. What is h(2)?
-9
Let j(w) = -3*w**2 + 49*w + 198. Determine j(20).
-22
Let h(v) = -v**3 + 9*v**2 - 72*v + 409. Determine h(7).
3
Let f(y) = y**3 + 30*y**2 - 52*y - 349. Determine f(-31).
302
Let c(d) = -3*d**2 + 57*d + 199. What is c(22)?
1
Let b(f) = -f**2 + 12*f + 273. What is b(-14)?
-91
Let u(b) = 2*b**2 - 54*b - 398. Determine u(29).
-282
Let m(t) = -3*t**3 + 27*t**2 - 57*t + 9. Give m(4).
21
Let l(j) = 884*j - 1739. What is l(2)?
29
Let z(a) = 4*a**3 + 187*a**2 - 56*a - 354. Calculate z(-47).
69
Let l(y) = 744*y**3 - y**2 - 3*y + 6. Calculate l(1).
746
Let d(k) = 1384*k + 15210. What is d(-11)?
-14
Let v(s) = -s**3 + 56*s**2 - 64*s + 951. Give v(55).
456
Let j(a) = -54*a**3 + 704*a**2 - 23*a - 38. What is j(13)?
1
Let h(i) = -i**2 - 929*i + 6. Determine h(0).
6
Let x(p) = -44*p - 748. What is x(-18)?
44
Let g(j) = -8*j + 381. Determine g(38).
77
Let s(r) = -43*r**2 + 2344*r - 1184. Give s(54).
4
Let h(x) = -949*x - 171763. What is h(-181)?
6
Let p(a) = a**3 - 33*a**2 - 68*a - 36. Determine p(35).
34
Let h(t) = t**2 + 668*t + 38637. Calculate h(-64).
-19
Let a(k) = 2*k**3 + 13*k**2 - 35*k - 237. Give a(-6).
9
Let p(n) = -5*n**2 + 324*n - 1861. What is p(6)?
-97
Let s(t) = -t**3 + 59*t**2 - 62*t + 229. Determine s(58).
-3
Let h(y) = -216*y + 2814. Calculate h(13).
6
Let q(l) = -l**3 - 5*l**2 - 4*l - 453. Calculate q(0).
-453
Let g(j) = j**3 + 13*j**2 + 25*j - 16. Calculate g(-9).
83
Let a(o) = -o**3 + o**2 + 42*o + 22. Give a(7).
22
Let h(i) = -13*i + 109. Determine h(15).
-86
Let b(h) = -7*h**2 + 4*h + 5. Give b(3).
-46
Let l(p) = 33*p**2 - 305*p + 307. Give l(1).
35
Let y(v) = 205*v**2 - 616*v - 30. What is y(3)?
-33
Let d(n) = -80*n + 2200. What is d(25)?
200
Let o(y) = 313*y**2 + 4*y + 4. Calculate o(-1).
313
Let y(m) = 260*m + 11966. What is y(-46)?
6
Let s(j) = 2*j**3 + 29*j**2 - 54*j + 29. What is s(-16)?
125
Let q(j) = 22*j + 507. Give q(-26).
-65
Let f(d) = 4740*d + 37921. Give f(-8).
1
Let s(q) = q**3 - 17*q**2 + 75*q - 360. Give s(13).
-61
Let z(i) = -4*i + 180. Give z(46).
-4
Let y(d) = d**3 - 430. Give y(0).
-430
Let c(d) = -231*d + 1453. Calculate c(6).
67
Let a(p) = -12*p**2 + 76*p - 28. Calculate a(6).
-4
Let i(y) = 4*y + 24. Calculate i(-12).
-24
Let q(j) = -2*j**3 - 7*j**2 - j + 32. Give q(-2).
22
Let f(b) = 5*b**3 - 492*b**2 - 800*b + 6. Give f(100).
6
Let x(v) = -5*v**2 - 202*v - 230. What is x(-39)?
43
Let r(x) = -597*x + 1283. Calculate r(2).
89
Let k(s) = s**2 - 1909*s + 7. What is k(0)?
7
Let w(a) = 4*a**3 - 49*a**2 - 41*a + 645. Give w(12).
9
Let t(f) = -4*f**2 + 111*f + 68. Determine t(28).
40
Let b(k) = 14*k**3 - 268*k**2 + 38*k + 1. What is b(19)?
1
Let z(s) = 5*s**2 - 94*s - 8. Calculate z(20).
112
Let c(x) = -123*x + 24113. What is c(196)?
5
Let p(f) = 99*f + 148. Calculate p(-2).
-50
Let z(o) = 6*o**3 + 49*o**2 + 28*o + 143. Determine z(-8).
-17
Let l(y) = 2*y**3 - 87*y**2 - 42*y - 65. Give l(44).
23
Let h(v) = 3*v**2 - 246*v - 755. Determine h(85).
10
Let f(c) = 300*c + 3327. Give f(-10).
327
Let l(w) = 6*w + 85. Determine l(-8).
37
Let q(c) = c**3 - 29*c**2 - 99*c + 36. Give q(32).
-60
Let g(r) = -3*r**2 + 127*r - 184. What is g(38)?
310
Let y(w) = -4*w**3 - 200*w**2 - 2*w - 63. Calculate y(-50).
37
Let g(k) = -6*k**2 - 102*k + 117. What is g(-18)?
9
Let h(r) = 47*r + 178. What is h(10)?
648
Let w(v) = -162*v - 2604. Give w(-16).
-12
Let v(o) = 57*o**2 + 125*o - 254. Calculate v(2).
224
Let q(f) = -553*f + 2255. What is q(4)?
43
Let j(m) = -5*m**3 + 14*m**2 - 28*m + 26. Calculate j(2).
-14
Let d(u) = 3*u**2 + 227*u + 68. Calculate d(-75).
-82
Let d(r) = -23*r**2 - 68*r - 5. What is d(-3)?
-8
Let u(n) = 2*n**2 + 16*n + 23. Give u(-11).
89
Let q(b) = -4755*b - 4770. What is q(-1)?
-15
Let s(u) = 41*u**2 + 104*u - 61. Give s(-3).
-4
Let l(y) = 46*y + 128. Give l(-3).
-10
Let r(a) = -a**3 - 17*a**2 + 8*a - 12. What is r(-18)?
168
Let i(n) = -n**2 + 32*n + 224. Calculate i(40).
-96
Let a(f) = -256*f - 51713. Give a(-202).
-1
Let x(z) = 100*z - 15327. Determine x(154).
73
Let n(m) = -10*m**3 + 250*m**2 + m - 24. Give n(25).
1
Let w(i) = 4*i**2 + 38*i + 20. Give w(-9).
2
Let k(u) = 136*u - 2705. Give k(20).
15
Let z(j) = 53*j - 50. Calculate z(1).
3
Let r(n) = -30*n - 451. Calculate r(-17).
59
Let i(l) = -66*l - 11. Calculate i(0).
-11
Let y(w) = 3*w**3 - 33*w**2 - 6*w + 94. Give y(11).
28
Let s(w) = -4*w**2 - 1024*w + 2046. Give s(2).
-18
Let r(i) = -173*i - 1746. Determine r(-10).
-16
Let a(h) = -h**3 - 3*h**2 + 2*h + 15. Calculate a(-2).
7
Let g(d) = -220*d + 1763. Give g(8).
3
Let n(h) = -56*h - 1072. Determine n(-18).
-64
Let z(l) = -l**2 - 7*l - 41. Give z(-5).
-31
Let w(l) = -37*l - 400. Calculate w(-11).
7
Let t(x) = -2*x**3 + 46*x**2 + 247*x + 123. What is t(-4)?
-1
Let t(m) = -654*m + 1331. Give t(2).
23
Let c(f) = -f**3 - 11*f**2 - 4*f + 61. Calculate c(-10).
1
Let w(m) = 536*m + 34831. Calculate w(-65).
-9
Let x(a) = -a**2 - a + 472. Determine x(31).
-520
Let y(a) = -a**3 - 43*a**2 + 211*a + 3361. What is y(-46)?
3
Let a(t) = 66*t - 656. What is a(10)?
4
Let h(v) = 60*v - 382. Give h(10).
218
Let a(f) = f**2 - 20*f + 98. What is a(19)?
79
Let m(r) = 65*r + 253. What is m(-4)?
-7
Let a(u) = 75*u + 6376. Give a(-83).
151
Let q(w) = -1893*w - 30281. Determine q(-16).
7
Let p(w) = -w**2 - 24*w - 53. Calculate p(-7).
66
Let a(z) = 96*z + 468. Calculate a(-5).
-12
Let s(x) = -132*x - 1129. What is s(-9)?
59
Let z(n) = n**2 - 38*n + 35. Calculate z(39).
74
Let i(u) = 3*u**2 - 27*u + 16. Determine i(8).
-8
Let p(o) = -2*o**3 + 16*o**2 + 17*o - 9. Give p(9).
-18
Let j(t) = -2*t**2 + 88*t + 379. Determine j(-4).
-5
Let m(q) = -q**3 + 19*q**2 - 73*q + 192. What is m(15)?
-3
Let v(l) = l**3 + 9*l**2 - 20*l - 18. What is v(-10)?
82
Let o(z) = z**3 - 6*z**2 + 5*z + 1. What is o(4)?
-11
Let j(f) = -f**3 + 5*f**2 + 321*f - 1297. What is j(4)?
3
Let f(t) = -100*t - 727. Determine f(-7).
-27
Let x(b) = 2*b**3 + 13*b**2 + 33*b + 24. Determine x(-6).
-138
Let m(y) = 2*y**3 - 15*y**2 - 19*y + 109. Calculate m(8).
21
Let x(r) = -3*r**3 + 4